s digit of y(d)?
5
Suppose -2*n + 2*v + v + 1 = 0, 0 = 3*n - 3*v - 6. Suppose -4*f = 2*z - 48, -5*z + 14 - 44 = -n*f. What is the units digit of f?
0
Let r = 10 - 2. Let b = -13 - -26. Let o = b - r. What is the units digit of o?
5
Let m(d) = 12*d**2 - 5*d + 3. Let v be m(-4). Suppose -5*n + u = -v, n - 29 = 2*u + u. What is the tens digit of n?
4
Let l be (8/2)/(2/(-1)). Let a(v) = v**2 - 2. Let w be a(l). Suppose 9 = w*p + 3. What is the units digit of p?
3
Suppose -301 = -5*m + 3*x, -3*m + 123 = -2*x - 57. What is the units digit of m?
2
Let o = 11 + -19. Let r = 115 - -17. What is the units digit of 2/o + r/16?
8
Let k = 135 - 46. What is the units digit of k?
9
Let l = 1 + 1. What is the units digit of (4/(-2))/(l/(-14))?
4
Let b(v) = 7*v + 3. Let g(d) = 6*d + 2. Let o(i) = 5*b(i) - 6*g(i). Let z be o(4). What is the units digit of (z*2)/((-6)/33)?
1
Suppose 3*i + k - 191 = 0, 4*i = k + 324 - 67. Let y = i + -38. What is the tens digit of y?
2
Suppose -4*x = 2*t + t + 17, -3*t + 5*x + 28 = 0. Let h be ((-12)/(-8))/(t/2). What is the tens digit of (-1)/(0 - h/54)?
1
Let i(p) = -p + 8. What is the units digit of i(-8)?
6
Let m = -8 - -12. Suppose -4*k + 31 = k + 4*i, 2*i = 4*k - m. What is the units digit of k?
3
Let a(s) = s**2 - 3*s + 14. What is the units digit of a(8)?
4
Suppose 2*x = 6*x + 4*m - 20, -m = 5. Suppose -v = -2*v + 17. Let g = v - x. What is the units digit of g?
7
What is the units digit of (-5)/(5/2) + 6?
4
What is the units digit of (820/30)/((-2)/(-3))?
1
Let u(b) be the first derivative of -b**2/2 - 2*b - 4. Let k be u(-2). Suppose 3*t - 3*m = k, t + m - 30 = -4*m. What is the units digit of t?
5
Let k(l) = l - 1. Let u be k(5). Suppose u*y - 8 - 44 = 0. What is the units digit of y?
3
What is the units digit of (-6)/((-48)/(-20))*-2?
5
Suppose -4*c - 2*z + 39 = -z, -42 = -4*c + 2*z. Let n(u) = -u**2 - 8*u - 6. Let r be n(-5). What is the units digit of (c + -8)*r/2?
9
Let c(n) = -n + 15. What is the units digit of c(-19)?
4
Let s be 516/9 + (-1)/3. Suppose 4*b - s = 3*t, 5*b - 56 + 5 = -3*t. Suppose 3*o = o + b. What is the units digit of o?
6
What is the units digit of 3 - 35/(-7)*146/5?
9
Let r(u) = 1. Let x(p) = 7*p + 4. Let k(o) = 3*r(o) - x(o). Suppose -1 = -2*l - 3. What is the units digit of k(l)?
6
Suppose 5*s + 5358 = 24*s. What is the hundreds digit of s?
2
Suppose 3*p + 5*d - 785 = 0, 6 = d - 4*d. What is the hundreds digit of p?
2
Let n(u) = 10*u**3 - 2*u**2. Let p(m) be the second derivative of m**5/2 - m**4/12 + 2*m. Let v(a) = 2*n(a) - 3*p(a). What is the units digit of v(-1)?
9
Suppose -2*g = -43 - 13. Let l be 0 + (-1 - -3) + 41. Let b = l - g. What is the units digit of b?
5
Let u(r) = 2*r + 3. Let h(g) = g**3 + 7*g**2 + 2*g + 7. Let n be h(-7). Let v be u(n). Let c = v + 21. What is the units digit of c?
0
Let w = -18 - -34. Suppose -3*d + 4*h + 180 = 0, 0 = d + h - 2*h - 61. Suppose -a = -3*i - i - w, -4*a - 4*i + d = 0. What is the units digit of a?
6
Suppose x = -3*w + 17 + 7, -5*w = 4*x - 110. What is the units digit of x?
0
Let y be ((-6)/(-2))/(8 - 9). Let b = 9 - y. What is the tens digit of b?
1
Suppose s + s + 47 = -5*q, 4*s + 79 = -5*q. Let z(y) = y**2 + 14*y - 7. What is the tens digit of z(s)?
2
Suppose 5*a = -0 - 10. Let n be 68/6 + 2/3. What is the units digit of (a/(-4))/(2/n)?
3
Let s(h) = 3*h**2 + 3*h - 2. Let k(d) = d**3 + d**2 + d. Let t(l) = 2*k(l) - s(l). Let a be (-1)/4 + 18/8. What is the units digit of t(a)?
2
What is the tens digit of (-1)/(-3) + 83/3?
2
Suppose -4*k - 6 - 2 = 0. Let n(g) = g**2 + 8*g + 7. Let m be n(-6). Let o = k - m. What is the units digit of o?
3
Let a(n) = -n**2 + 12*n**3 + 3*n**3 - 3*n**2 + 1 + 2*n**2. What is the units digit of a(1)?
4
What is the units digit of (-30)/(13/(-3) - -4)?
0
Let m(z) = 3*z - 6. Suppose 41 = 5*c + 11. What is the tens digit of m(c)?
1
Suppose 3*b - i + 66 = 3*i, 0 = -4*b - 4*i - 60. Let p = b + 7. Let t = -7 - p. What is the units digit of t?
4
Let j(r) = r**3 - 5*r**2 + 2*r - 1. Let x be j(6). Suppose -3*o = -2*b - b + 27, -2*o = 3*b - x. What is the units digit of b?
3
Let w(h) = 5*h**3 + h**2 - 2*h - 4. Let q(p) = 11*p**3 + p**2 - 3*p - 9. Let d(c) = 6*q(c) - 13*w(c). What is the units digit of d(6)?
0
Let m be 3*(8/4 + -1). Suppose -4*c = m*v - 12 + 1, -8 = -2*v - 3*c. What is the units digit of v?
1
Suppose 5 = 5*m + y, -2*m + 5*m - 3 = -4*y. What is the units digit of -1*m + (-4 - -17)?
2
Suppose -2*w - 8 = 0, 3*v - 5 - 5 = w. Let q(b) = 8*b + 2. Let n be q(v). Suppose -6*c + n = -4*c. What is the units digit of c?
9
Suppose -3 = -2*b + b. Suppose 3 = -b*n + 51. What is the units digit of n?
6
Let v = -1 - 2. Let c be (-2 - (v + 0))/1. What is the units digit of c/((-1)/(-2))*4?
8
Let v(o) be the first derivative of -o**2/2 + o + 2. Let l be v(-4). Let s(x) = x - 3. What is the units digit of s(l)?
2
Let w(v) = 2*v**2 - 18*v - 6. What is the units digit of w(10)?
4
Let j(g) = -g**3 - 2*g**2 + 3*g - 5. Suppose 0 = -0*b - 2*b - 8. What is the tens digit of j(b)?
1
Suppose -37 = 5*r - 6*r. What is the units digit of r?
7
Suppose -25*w + 69 = -24*w. What is the units digit of w?
9
Let y(l) = l**3 - l + 1. Let t(x) = 4*x**3 + 11*x**2 - 14*x + 4. Let w(d) = -t(d) + 5*y(d). Let b be w(10). Let g = 2 - b. What is the tens digit of g?
1
Let g(d) = 5*d**2 + 6*d + 1. Let i(n) = 11*n**2 + 13*n + 2. Let m(w) = -13*g(w) + 6*i(w). Let s be m(2). What is the units digit of (-2)/s*(-15)/2?
5
Suppose -6 = -2*w + 8. Suppose 2*q + w = 3. What is the units digit of ((-18)/(-3))/(q/(-3))?
9
What is the tens digit of 406/8 + ((-21)/3)/(-28)?
5
Suppose -3*r - 5*i + 40 = 0, -5*r + 26 = -2*r - 2*i. Let u = 21 - r. What is the tens digit of u?
1
Suppose 6*u + 940 = 10*u. What is the tens digit of u?
3
Let k(c) = -2*c + 1. Let i be k(-2). Suppose i*f + 0*f = 200. What is the tens digit of f?
4
Let t(p) = 4*p**2 - 3*p + 2. What is the tens digit of t(2)?
1
Let b = 70 - 16. Suppose 2*g - 3*w - 8 = 0, -15 = 5*g + 2*w - b. What is the units digit of g?
7
Let y be ((-22)/3)/(1/(-3)). Suppose -j + 2*b + 6 + 28 = 0, -j - b + y = 0. What is the units digit of j?
6
Suppose -5*y + 2*y + 159 = 0. What is the units digit of y?
3
Let l be 23/5 + 28/70. Suppose 0 = -3*d + 4*v + 173, 2*d - 114 = -0*d + 2*v. Suppose 5*x - 2*c = -c + 43, -d = -5*x - l*c. What is the units digit of x?
9
Suppose h = 2*a - 4, 2*h + 0*a + 3*a - 13 = 0. Suppose -4*q + 29 + 19 = -4*u, 32 = 3*q - h*u. Suppose 40 = 4*y + q. What is the units digit of y?
8
Suppose 5*a - 3 = 7. Suppose 0 = -a*k - 0 + 10. Suppose -20 = -4*v - 2*m, 0*m - m = -k*v + 18. What is the units digit of v?
4
Suppose f + 276 = 7*f. What is the units digit of f?
6
Let r(g) = -g + 7. Let b be r(7). Suppose -5*l + b*l = -15. Suppose -19 = -5*t + 6*a - 3*a, l = -a. What is the units digit of t?
2
Let o(v) = v**2 - 1. Let y be o(-1). Suppose -5*p + 62 - 7 = y. What is the units digit of p?
1
Let y(x) = -43*x + 10. What is the units digit of y(-2)?
6
Let r(z) = z - 2. Let p be r(4). What is the units digit of 30/p - (6 + -6)?
5
Suppose 3*d = -q - 6, 6*d - 2*d = -5*q - 8. Suppose p - 3*i - i - 40 = q, 5*i + 20 = 0. What is the tens digit of p?
2
Let s(y) = 2*y**2 - 11*y + 10. Let a(r) = -r - 3. Let k be a(-11). What is the units digit of s(k)?
0
Let l = -1 + -6. Let i(r) = -r**3 - 7*r**2 + 6. What is the units digit of i(l)?
6
Let v = -3 - -9. What is the units digit of 7/3 - 2/v?
2
Let o be (-1 - 9/(-2))*-2. Let y(s) = -s + 1. What is the units digit of y(o)?
8
Suppose 2*q = 48 + 26. What is the tens digit of q?
3
Let t(i) = i + 4. Let m be t(3). Let k(n) = n - 2. What is the units digit of k(m)?
5
Suppose 0 = g + 4, 5*z - 102 = -3*g + g. What is the units digit of z?
2
Let m = 35 - 24. Suppose 46 - m = 5*h. Let b = -1 + h. What is the units digit of b?
6
Suppose -11*f + 3*f + 376 = 0. What is the tens digit of f?
4
Suppose -3*l + 7*l = -248. Let f = l + 37. Let k = 35 + f. What is the tens digit of k?
1
Let o(y) = y - 2. Let c be o(-6). Let l(m) = m**3 + 9*m**2 + 5*m - 11. What is the units digit of l(c)?
3
What is the units digit of (5 - 246/(-18))*(-18)/(-7)?
8
Suppose 3*h - 31 = -7. What is the units digit of h?
8
Suppose -35 = 4*x - 9*x. What is the tens digit of (x - -1)/(-4) + 23?
2
Let u(o) = -o**2 - 3*o + 1.